{"id":24,"date":"2020-03-08T10:35:10","date_gmt":"2020-03-08T13:35:10","guid":{"rendered":"https:\/\/phd.eng.br\/bookstore\/?post_type=product&#038;p=24"},"modified":"2022-06-14T10:32:13","modified_gmt":"2022-06-14T13:32:13","slug":"manual-para-reparacion-refuerzo-y-proteccion-de-las-estructuras-de-concreto","status":"publish","type":"product","link":"https:\/\/phd.eng.br\/bookstore\/produto\/manual-para-reparacion-refuerzo-y-proteccion-de-las-estructuras-de-concreto\/","title":{"rendered":"Manual para reparaci\u00f3n, refuerzo y protecci\u00f3n de las estructuras de concreto (PDF)"},"content":{"rendered":"<p>Autor: Paulo Helene.<\/p>\n<p><strong>Vers\u00e3o f\u00edsica<\/strong><\/p>\n<p><a href=\"mailto:tatiana.souza@concretophd.com.br\" target=\"_blank\" rel=\"noopener noreferrer\"><button>Encomendar<\/button><\/a><\/p>\n<p>&nbsp;<\/p>\n<p>Este manual de reparaci\u00f3n, refuerzo y protecci\u00f3n de las estructuras de concreto, fu\u00e9 elaborado para servir de gu\u00eda pr\u00e1ctica que proporcione la soluci\u00f3n a la mayor\u00eda de los problemas que enfrentan los arquitectos e ingenieros en su trabajo de dise\u00f1ar, construir, supervisar y conservar las obras civiles. No obstante, no pretende negar la importancia del especialista en patolog\u00eda, que es quien formula el diagn\u00f3stico correcto del problema &#8211; clave del \u00e9xito de la reparaci\u00f3n &#8211; ni desea prescindir de los controles de calidad durante la ejecuci\u00f3n propriamente dicha, que deben ser efectuados por equipos multisciplinarios de laboratorios de ensayos y controles.<\/p>\n<p>ISBN 968-464-005-6. p. 166. Espanhol.\u00a0Dimens\u00f5es: 20,5 cm x 27,5 cm. IMCYC. 1997.<\/p>\n","protected":false},"excerpt":{"rendered":"<p>Autor: Paulo Helene. Vers\u00e3o f\u00edsica Encomendar &nbsp; Este manual de reparaci\u00f3n, refuerzo y protecci\u00f3n de las estructuras de concreto, fu\u00e9 elaborado para servir de gu\u00eda pr\u00e1ctica que proporcione la soluci\u00f3n a la mayor\u00eda de los problemas que enfrentan los arquitectos e ingenieros en su trabajo de dise\u00f1ar, construir, supervisar y conservar las obras civiles. No [&hellip;]<\/p>\n","protected":false},"featured_media":393,"comment_status":"open","ping_status":"closed","template":"","meta":[],"product_brand":[],"product_cat":[16],"product_tag":[],"class_list":{"0":"post-24","1":"product","2":"type-product","3":"status-publish","4":"has-post-thumbnail","6":"product_cat-pdf","8":"first","9":"instock","10":"downloadable","11":"taxable","12":"shipping-taxable","13":"purchasable","14":"product-type-simple"},"jetpack_sharing_enabled":true,"_links":{"self":[{"href":"https:\/\/phd.eng.br\/bookstore\/wp-json\/wp\/v2\/product\/24","targetHints":{"allow":["GET"]}}],"collection":[{"href":"https:\/\/phd.eng.br\/bookstore\/wp-json\/wp\/v2\/product"}],"about":[{"href":"https:\/\/phd.eng.br\/bookstore\/wp-json\/wp\/v2\/types\/product"}],"replies":[{"embeddable":true,"href":"https:\/\/phd.eng.br\/bookstore\/wp-json\/wp\/v2\/comments?post=24"}],"wp:featuredmedia":[{"embeddable":true,"href":"https:\/\/phd.eng.br\/bookstore\/wp-json\/wp\/v2\/media\/393"}],"wp:attachment":[{"href":"https:\/\/phd.eng.br\/bookstore\/wp-json\/wp\/v2\/media?parent=24"}],"wp:term":[{"taxonomy":"product_brand","embeddable":true,"href":"https:\/\/phd.eng.br\/bookstore\/wp-json\/wp\/v2\/product_brand?post=24"},{"taxonomy":"product_cat","embeddable":true,"href":"https:\/\/phd.eng.br\/bookstore\/wp-json\/wp\/v2\/product_cat?post=24"},{"taxonomy":"product_tag","embeddable":true,"href":"https:\/\/phd.eng.br\/bookstore\/wp-json\/wp\/v2\/product_tag?post=24"}],"curies":[{"name":"wp","href":"https:\/\/api.w.org\/{rel}","templated":true}]}}