{"id":37,"date":"2020-03-08T10:58:54","date_gmt":"2020-03-08T13:58:54","guid":{"rendered":"https:\/\/phd.eng.br\/bookstore\/?post_type=product&#038;p=37"},"modified":"2022-06-14T10:30:27","modified_gmt":"2022-06-14T13:30:27","slug":"rehabilitacion-y-mantenimiento-de-estructuras-de-concreto","status":"publish","type":"product","link":"https:\/\/phd.eng.br\/bookstore\/produto\/rehabilitacion-y-mantenimiento-de-estructuras-de-concreto\/","title":{"rendered":"Rehabilitaci\u00f3n y Mantenimiento de Estructuras de Concreto (PDF)"},"content":{"rendered":"<p>Editores: Paulo Helene e Fernanda Pereira<\/p>\n<p><strong>Vers\u00e3o f\u00edsica<\/strong><\/p>\n<p><a href=\"mailto:tatiana.souza@concretophd.com.br\" target=\"_blank\" rel=\"noopener noreferrer\"><button>Encomendar<\/button><\/a><\/p>\n<p style=\"text-align: justify\">A Am\u00e9rica Latina tem uma infra-estrutura que \u00e9 degradante avan\u00e7os efeito do ambiente, devido a projetos errados muito frouxas e detalhes insuficientes ou especifica\u00e7\u00f5es, problemas cong\u00eanitos devido a supervis\u00e3o ineficaz durante a constru\u00e7\u00e3o de estruturas, acima ajudado por falta de manuten\u00e7\u00e3o e, claro, pela idade das obras constru\u00eddas por anos. A tarefa de nossos pa\u00edses e seus t\u00e9cnicos \u00e9 simplesmente para manter e preservar o patrim\u00f4nio, cada vez mais colaborar para projetar e construir melhor, maneira consciente, econ\u00f4mico e dur\u00e1vel. Engenheiros, arquitetos e t\u00e9cnicos do setor, sem experi\u00eancia anterior e, infelizmente, sem uma s\u00f3lida forma\u00e7\u00e3o acad\u00eamica e com pouco acesso \u00e0 atualiza\u00e7\u00e3o de dados, introduzindo trabalhos profissionais s\u00e3o inadequadas. A durabilidade e o desempenho dos antigos e novos trabalhos n\u00e3o foi como o esperado e muitas interven\u00e7\u00f5es de obras iniciais com defici\u00eancia eram ef\u00eameras, repetitivo e caro. Este trabalho destina-se a fornecer apenas as informa\u00e7\u00f5es t\u00e9cnicas em primeira m\u00e3o,\u00a0atualizada\u00a0vital quando embarcar na\u00a0reabilita\u00e7\u00e3o de uma estrutura, com o objetivo de aliviar parcialmente temas, os problemas existentes. Neste livro, a \u00e1rea profissional pode encontrar as respostas para as suas perguntas mais frequentes ao planejar uma reabilita\u00e7\u00e3o estrutural: Avaliando uma estrutura, orienta\u00e7\u00e3o\u00a0diagn\u00f3stico\u00a0corrigir o problema, as diretrizes para a\u00a0sele\u00e7\u00e3o da estrat\u00e9gia de reabilita\u00e7\u00e3o, as diretrizes e regras para escolher os materiais e sistemas empregados, procedimentos de prepara\u00e7\u00e3o de superf\u00edcie, os m\u00e9todos de repara\u00e7\u00e3o e refor\u00e7o, id\u00e9ias sobre como proteger a armadura de concreto e um ambiente agressivo e indica\u00e7\u00f5es para o controle do trabalho de qualidade. Sem d\u00favida, esta magn\u00edfica obra vir\u00e1 para preencher a lacuna de informa\u00e7\u00e3o no trabalho de reabilitar profissionalmente estruturas que arquitetos e engenheiros respons\u00e1veis.<\/p>\n<p>ISBN 85-60457-00-3. Espanhol. p.775.\u00a0DIMENS\u00d5ES: 20cm x 31cm. 2007<\/p>\n","protected":false},"excerpt":{"rendered":"<p>Editores: Paulo Helene e Fernanda Pereira Vers\u00e3o f\u00edsica Encomendar A Am\u00e9rica Latina tem uma infra-estrutura que \u00e9 degradante avan\u00e7os efeito do ambiente, devido a projetos errados muito frouxas e detalhes insuficientes ou especifica\u00e7\u00f5es, problemas cong\u00eanitos devido a supervis\u00e3o ineficaz durante a constru\u00e7\u00e3o de estruturas, acima ajudado por falta de manuten\u00e7\u00e3o e, claro, pela idade das [&hellip;]<\/p>\n","protected":false},"featured_media":395,"comment_status":"open","ping_status":"closed","template":"","meta":[],"product_brand":[],"product_cat":[16],"product_tag":[],"class_list":{"0":"post-37","1":"product","2":"type-product","3":"status-publish","4":"has-post-thumbnail","6":"product_cat-pdf","8":"first","9":"instock","10":"downloadable","11":"taxable","12":"shipping-taxable","13":"purchasable","14":"product-type-simple"},"jetpack_sharing_enabled":true,"_links":{"self":[{"href":"https:\/\/phd.eng.br\/bookstore\/wp-json\/wp\/v2\/product\/37","targetHints":{"allow":["GET"]}}],"collection":[{"href":"https:\/\/phd.eng.br\/bookstore\/wp-json\/wp\/v2\/product"}],"about":[{"href":"https:\/\/phd.eng.br\/bookstore\/wp-json\/wp\/v2\/types\/product"}],"replies":[{"embeddable":true,"href":"https:\/\/phd.eng.br\/bookstore\/wp-json\/wp\/v2\/comments?post=37"}],"wp:featuredmedia":[{"embeddable":true,"href":"https:\/\/phd.eng.br\/bookstore\/wp-json\/wp\/v2\/media\/395"}],"wp:attachment":[{"href":"https:\/\/phd.eng.br\/bookstore\/wp-json\/wp\/v2\/media?parent=37"}],"wp:term":[{"taxonomy":"product_brand","embeddable":true,"href":"https:\/\/phd.eng.br\/bookstore\/wp-json\/wp\/v2\/product_brand?post=37"},{"taxonomy":"product_cat","embeddable":true,"href":"https:\/\/phd.eng.br\/bookstore\/wp-json\/wp\/v2\/product_cat?post=37"},{"taxonomy":"product_tag","embeddable":true,"href":"https:\/\/phd.eng.br\/bookstore\/wp-json\/wp\/v2\/product_tag?post=37"}],"curies":[{"name":"wp","href":"https:\/\/api.w.org\/{rel}","templated":true}]}}