{"id":375,"date":"2020-06-03T15:03:35","date_gmt":"2020-06-03T18:03:35","guid":{"rendered":"https:\/\/phd.eng.br\/bookstore\/?post_type=product&#038;p=375"},"modified":"2023-05-19T12:07:24","modified_gmt":"2023-05-19T15:07:24","slug":"projeto-da-durabilidade-de-estruturas-de-concreto-em-ambientes-de-severa-agressividade","status":"publish","type":"product","link":"https:\/\/phd.eng.br\/bookstore\/produto\/projeto-da-durabilidade-de-estruturas-de-concreto-em-ambientes-de-severa-agressividade\/","title":{"rendered":"Projeto da durabilidade de estruturas de concreto em ambientes de severa agressividade"},"content":{"rendered":"<p>Autor: Odd E. Gjorv<br \/>\nTradu\u00e7\u00e3o: Leda Maria Marques Dias Beck<br \/>\nSupervis\u00e3o T\u00e9cnica: Enio Pazini Figueiredo e Paulo Helene<\/p>\n<p><strong>R$ 125,00<\/strong><\/p>\n<p><strong>Vers\u00e3o f\u00edsica<\/strong><\/p>\n<p><a href=\"mailto:tatiana.souza@concretophd.com.br\" target=\"_blank\" rel=\"noopener noreferrer\"><button>Encomendar<\/button><\/a><\/p>\n<p>O controle adequado da penetra\u00e7\u00e3o do cloreto e a corros\u00e3o prematura das armaduras ainda se colocam como grandes desafios para o projeto de durabilidade de estruturas de concreto e a manuten\u00e7\u00e3o durante sua vida \u00fatil. Em Ambientes agressivos, a durabilidade \u00e9 ainda mais critica e decisiva para o sucesso do empreendimento. Projeto da durabilidade de estruturas de concreto em ambientes de severa agressividade apresenta os principais conceitos te\u00f3ricos e dados pr\u00e1ticos necess\u00e1rios para a an\u00e1lise de durabilidade e a tomada de decis\u00f5es no projeto de estruturas de concreto. A obra aborda o controle e a garantia da qualidade do controle, medidas de prote\u00e7\u00e3o, documenta\u00e7\u00e3o da qualidade de execu\u00e7\u00e3o, avalia\u00e7\u00e3o e c\u00e1lculo de custo do ciclo de vida e enfatiza as pr\u00e1ticas recomendadas. O livro apresenta exemplos pr\u00e1ticos de terminais de carga e projetos de desenvolvimento urbano em ambientes agressivos, al\u00e9m de realizar uma ampla revis\u00e3o de experi\u00eancia de campo na \u00e1rea. Uma \u00a0leitura fundamental para profissionais envolvidos no projeto e gerenciamento de obras de concretos.<\/p>\n<p>ISBN.:978-85-7975-195-0. p.238.Dimens\u00e3o: 16cm x 23cm. Ed.:Oficina de Textos .<\/p>\n","protected":false},"excerpt":{"rendered":"<p>Autor: Odd E. Gjorv Tradu\u00e7\u00e3o: Leda Maria Marques Dias Beck Supervis\u00e3o T\u00e9cnica: Enio Pazini Figueiredo e Paulo Helene R$ 125,00 Vers\u00e3o f\u00edsica Encomendar O controle adequado da penetra\u00e7\u00e3o do cloreto e a corros\u00e3o prematura das armaduras ainda se colocam como grandes desafios para o projeto de durabilidade de estruturas de concreto e a manuten\u00e7\u00e3o durante [&hellip;]<\/p>\n","protected":false},"featured_media":660,"comment_status":"open","ping_status":"closed","template":"","meta":[],"product_brand":[],"product_cat":[19],"product_tag":[],"class_list":{"0":"post-375","1":"product","2":"type-product","3":"status-publish","4":"has-post-thumbnail","6":"product_cat-livro","8":"first","9":"instock","10":"taxable","11":"shipping-taxable","12":"product-type-simple"},"jetpack_sharing_enabled":true,"_links":{"self":[{"href":"https:\/\/phd.eng.br\/bookstore\/wp-json\/wp\/v2\/product\/375","targetHints":{"allow":["GET"]}}],"collection":[{"href":"https:\/\/phd.eng.br\/bookstore\/wp-json\/wp\/v2\/product"}],"about":[{"href":"https:\/\/phd.eng.br\/bookstore\/wp-json\/wp\/v2\/types\/product"}],"replies":[{"embeddable":true,"href":"https:\/\/phd.eng.br\/bookstore\/wp-json\/wp\/v2\/comments?post=375"}],"wp:featuredmedia":[{"embeddable":true,"href":"https:\/\/phd.eng.br\/bookstore\/wp-json\/wp\/v2\/media\/660"}],"wp:attachment":[{"href":"https:\/\/phd.eng.br\/bookstore\/wp-json\/wp\/v2\/media?parent=375"}],"wp:term":[{"taxonomy":"product_brand","embeddable":true,"href":"https:\/\/phd.eng.br\/bookstore\/wp-json\/wp\/v2\/product_brand?post=375"},{"taxonomy":"product_cat","embeddable":true,"href":"https:\/\/phd.eng.br\/bookstore\/wp-json\/wp\/v2\/product_cat?post=375"},{"taxonomy":"product_tag","embeddable":true,"href":"https:\/\/phd.eng.br\/bookstore\/wp-json\/wp\/v2\/product_tag?post=375"}],"curies":[{"name":"wp","href":"https:\/\/api.w.org\/{rel}","templated":true}]}}